usands digit of 74489?
7
What is the tens digit of 27248?
4
What is the units digit of 42518?
8
What is the thousands digit of 11408?
1
What is the tens digit of 134251?
5
What is the units digit of 4291?
1
What is the tens digit of 353?
5
What is the thousands digit of 5024?
5
What is the units digit of 280?
0
What is the hundreds digit of 16884?
8
What is the tens digit of 3247?
4
What is the tens digit of 25560?
6
What is the hundreds digit of 75203?
2
What is the units digit of 18583?
3
What is the ten thousands digit of 12692?
1
What is the tens digit of 9189?
8
What is the tens digit of 693?
9
What is the tens digit of 3047?
4
What is the ten thousands digit of 19262?
1
What is the thousands digit of 3940?
3
What is the thousands digit of 158256?
8
What is the tens digit of 5857?
5
What is the ten thousands digit of 126130?
2
What is the hundreds digit of 64495?
4
What is the hundreds digit of 2314?
3
What is the tens digit of 61705?
0
What is the units digit of 545?
5
What is the tens digit of 211?
1
What is the units digit of 95?
5
What is the units digit of 952?
2
What is the units digit of 25196?
6
What is the thousands digit of 63491?
3
What is the hundreds digit of 3702?
7
What is the ten thousands digit of 40290?
4
What is the hundreds digit of 1103?
1
What is the hundreds digit of 21158?
1
What is the hundreds digit of 140553?
5
What is the tens digit of 1233?
3
What is the hundreds digit of 34387?
3
What is the hundreds digit of 34884?
8
What is the thousands digit of 4800?
4
What is the units digit of 588?
8
What is the tens digit of 14345?
4
What is the tens digit of 75298?
9
What is the tens digit of 2498?
9
What is the tens digit of 49755?
5
What is the thousands digit of 17937?
7
What is the hundreds digit of 707?
7
What is the hundreds digit of 3739?
7
What is the tens digit of 8339?
3
What is the units digit of 622?
2
What is the hundreds digit of 434?
4
What is the hundreds digit of 74412?
4
What is the hundreds digit of 645?
6
What is the units digit of 17995?
5
What is the tens digit of 2324?
2
What is the hundreds digit of 2727?
7
What is the units digit of 18637?
7
What is the tens digit of 26058?
5
What is the tens digit of 21641?
4
What is the ten thousands digit of 11127?
1
What is the tens digit of 11947?
4
What is the tens digit of 3885?
8
What is the tens digit of 4888?
8
What is the hundreds digit of 32216?
2
What is the hundreds digit of 1304?
3
What is the tens digit of 3239?
3
What is the tens digit of 7324?
2
What is the thousands digit of 21885?
1
What is the thousands digit of 1310?
1
What is the units digit of 4165?
5
What is the hundreds digit of 891?
8
What is the tens digit of 161?
6
What is the hundreds digit of 38741?
7
What is the tens digit of 171?
7
What is the tens digit of 18?
1
What is the tens digit of 7389?
8
What is the units digit of 10757?
7
What is the tens digit of 720?
2
What is the tens digit of 852?
5
What is the hundreds digit of 198?
1
What is the hundreds digit of 248?
2
What is the units digit of 11671?
1
What is the hundreds digit of 111907?
9
What is the tens digit of 21681?
8
What is the ten thousands digit of 11732?
1
What is the thousands digit of 3174?
3
What is the hundreds digit of 15473?
4
What is the tens digit of 4727?
2
What is the tens digit of 90414?
1
What is the thousands digit of 1792?
1
What is the tens digit of 6163?
6
What is the tens digit of 40?
4
What is the tens digit of 1263?
6
What is the tens digit of 27087?
8
What is the units digit of 1748?
8
What is the tens digit of 888?
8
What is the hundreds digit of 1431?
4
What is the tens digit of 5049?
4
What is the thousands digit of 12547?
2
What is the tens digit of 181?
8
What is the hundreds digit of 2501?
5
What is the units digit of 168577?
7
What is the thousands digit of 1370?
1
What is the units digit of 1531?
1
What is the units digit of 9827?
7
What is the units digit of 160785?
5
What is the tens digit of 727?
2
What is the units digit of 22245?
5
What is the units digit of 16149?
9
What is the hundreds digit of 133?
1
What is the units digit of 12899?
9
What is the units digit of 96?
6
What is the units digit of 3009?
9
What is the ten thousands digit of 30648?
3
What is the units digit of 3270?
0
What is the units digit of 2089?
9
What is the tens digit of 9122?
2
What is the tens digit of 14787?
8
What is the ten thousands digit of 17034?
1
What is the hundreds digit of 48231?
2
What is the tens digit of 80561?
6
What is the units digit of 2335?
5
What is the hundreds digit of 990?
9
What is the units digit of 1695?
5
What is the units digit of 133639?
9
What is the tens digit of 9687?
8
What is the tens digit of 928?
2
What is the units digit of 30201?
1
What is the hundreds digit of 869?
8
What is the thousands digit of 4018?
4
What is the tens digit of 58916?
1
What is the hundreds digit of 78321?
3
What is the hundreds digit of 17056?
0
What is the tens digit of 2691?
9
What is the units digit of 946?
6
What is the units digit of 32?
2
What is the units digit of 135?
5
What is the tens digit of 869?
6
What is the units digit of 304?
4
What is the units digit of 3655?
5
What is the hundreds digit of 1882?
8
What is the thousands digit of 1278?
1
What is the thousands digit of 4926?
4
What is the thousands digit of 2921?
2
What is the thousands digit of 47667?
7
What is the units digit of 91566?
6
What is the tens digit of 4714?
1
What is the thousands digit of 45441?
5
What is the thousands digit of 26089?
6
What is the units digit of 25813?
3
What is the units digit of 9270?
0
What is the tens digit of 542?
4
What is the units digit of 962?
2
What is the tens digit of 1421?
2
What is the units digit of 3095?
5
What is the units digit of 995?
5
What is the thousands digit of 13679?
3
What is the tens digit of 8787?
8
What is the thousands digit of 1443?
1
What is the hundreds digit of 9202?
2
What is the thousands digit of 106002?
6
What is the hundreds digit of 150?
1
What is the hundreds digit of 598?
5
What is the tens digit of 1100?
0
What is the thousands digit of 2335?
2
What is the tens digit of 661?
6
What is the tens digit of 1538?
3
What is the thousands digit of 3917?
3
What is the tens digit of 681?
8
What is the units digit of 13044?
4
What is the units digit of 716?
6
What is the units digit of 687?
7
What is the hundreds digit of 67235?
2
What is the ten thousands digit of 53263?
5
What is the ten thousands digit of 17429?
1
What is the hundreds digit of 6188?
1
What is the tens digit of 843?
4
What is the units digit of 539?
9
What is the tens digit of 887?
8
What is the units digit of 48584?
4
What is the ten thousands digit of 40986?
4
What is the units digit of 1186?
6
What is the units digit of 368?
8
What is the thousands digit of 17741?
7
What is the units digit of 5173?
3
What is the ten thousands digit of 26081?
2
What is the units digit of 4644?
4
What is the units digit of 4797?
7
What is the hundreds digit of 35722?
7
What is the tens digit of 5214?
1
What is the hundreds digit of 368?
3
What is the hundreds digit of 6043?
0
What is the units digit of 676?
6
What is the hundreds digit of 1409?
4
What is the thousands digit of 166672?
6
What is the hundreds digit of 444?
4
What is the tens digit of 4624?
2
What is the thousands digit of 11466?
1
What is the hundreds digit of 24611?
6
What is the tens digit of 3672?
7
What is the hundreds digit of 421?
4
What is the hundreds digit of 1909?
9
What is the hundreds digit of 15370?
3
What is the thousands digit of 1962?
1
What is the tens digit of 63?
6
What is the tens digit of 3427?
2
What is the tens digit of 1754?
5
What is the tens digit of 3962?
6
What is the units digit of 4251?
1
What is the hundreds digit of 2319?
3
What is the tens digit of 18114?
1
What is the hundreds digit of 798?
7
What is the hundreds digit of 3145?
1
What is the units digit of 471?
1
What is the units digit of 17531?
1
What is the hundreds digit of 3162?
1
What is the thousands digit of 1272?
1
What is the thousands digit of 2188?
2
What is the units digit of 233?
3
What is the tens digit of 33251?
5
What is the ten thousands digit of 34219?
3
What is the hundreds digit of 995?
9
What is the thousands digit of 2394?
2
What is the te